
Let c(g) = g**2 - 17. Let b be c(10). Suppose -b*m + 27 = -80*m. What is the units digit of m?
9
Let i(r) = 59 + 4*r + 5*r + r**2 - 8*r. What is the units digit of i(0)?
9
Suppose -5*v = -28*d + 32*d - 3029, -5*d + 3777 = -3*v. What is the units digit of d?
6
Let q be -4 + -1 + 8 + 32. Let x = q - 30. Suppose -2*v = -x*b - 57, -b = -v + 2*b + 28. What is the tens digit of v?
3
Let v(z) be the third derivative of 5*z**4/12 - 35*z**3/6 + 14*z**2. What is the tens digit of v(14)?
0
What is the units digit of (42/(-7))/((63/564)/(-7))?
6
Let q = -1329 - -2545. What is the hundreds digit of q?
2
Let s = 38 + -38. Suppose 3*t = -2*y + 325, s*t - 4*t - 4*y = -432. What is the tens digit of t?
0
Suppose -13*t + 280 + 58623 = 0. What is the hundreds digit of t?
5
Let g(h) = -h**2. Let k(c) = 4*c**2 - 13*c - 17. Suppose 16 = -2*v + 6. Let s(x) = v*g(x) - k(x). What is the units digit of s(-12)?
5
What is the tens digit of 10/(-2) - 2772/(-44)?
5
Suppose -2*g - 10 = -4. What is the tens digit of (12/(-8)*-8)/(g/(-8))?
3
Let m(o) = 4*o**2 - 9*o + 8. Let u(c) = -5*c**2 + 10*c - 9. Let l(q) = -4*m(q) - 3*u(q). Suppose -b - 3 + 5 = 0. What is the units digit of l(b)?
3
Suppose -c + 5*s + 369 = 0, 6*c - 9*c = 5*s - 1187. What is the tens digit of c?
8
Let q = -3321 - -4876. What is the units digit of q?
5
Suppose -6*o + 7*o + 3*h = 2552, -5088 = -2*o - 2*h. What is the units digit of o?
0
Let c be 22/(2/(-16)*-4). Let a = c + 5. What is the tens digit of a?
4
Let x(b) be the first derivative of -19*b**2/2 - 9*b + 1. Let i be x(-6). Let o = -56 + i. What is the units digit of o?
9
Suppose -18 = -5*q - 33. What is the tens digit of 1 + 4 + q + 214?
1
Let v(a) = a**2 - 2*a + 3. Let k be v(2). Suppose -2*w - k*g = -37, 4*w - 3*g = 39 + 8. Let z = 44 - w. What is the tens digit of z?
3
Suppose 4*n - 55 = 105. Suppose 0 = -r + 6 + n. What is the tens digit of r?
4
Let y = -41 - -41. Suppose -2*g + 3*m + 138 = 0, y*m = -5*g + 4*m + 338. What is the units digit of g?
6
Let y(u) be the second derivative of u**5/10 - 7*u**4/3 - 7*u**3/3 - 17*u**2/2 - 33*u. What is the hundreds digit of y(15)?
2
Let c = -21 + 25. Suppose -3*l = 4*p - 2*p - 18, 4*p + 4 = c*l. Suppose 4*j - 6 = 3*k + 156, l*j = k + 166. What is the tens digit of j?
4
Suppose 79*z - 97*z + 19224 = 0. What is the tens digit of z?
6
Let v be 2/2 + (5 - 2) + 0. Suppose 5*x = 5*y, y + y = -x + 12. Suppose v*g - 14 = -q - 1, 5*q - 17 = -y*g. What is the units digit of q?
1
Suppose -5*o = 14 + 36. Let h be 1*51 - (o + 10). Suppose -8*c = -4*c + 4*z - 56, -4*c + z = -h. What is the units digit of c?
3
What is the tens digit of (4/2)/4 + (-17673)/(-86)?
0
Let a(z) = z**3 + 5*z**2 + 5*z + 1. Let q be a(-4). Let r = 8 + q. Suppose 1 = -4*t + t + r*v, -4*v + 28 = t. What is the units digit of t?
8
Let r(o) = o**3 - 11*o**2 + 9*o + 15. What is the units digit of r(13)?
0
Suppose 0 = -2*n - 1 - 35. Let o = -14 - n. Suppose 196 = o*r + 4*j, -4*r = r + j - 225. What is the tens digit of r?
4
Let a = 41 - 29. Suppose 0 = -5*o - a + 82. What is the tens digit of o?
1
Let v(b) = -4*b - 15. Let c be v(-6). Suppose -4*i = c + 3, s + i = 0. Suppose 3*u + 72 = -f + 4*f, 2*f - s*u = 53. What is the tens digit of f?
1
Let a(m) = -m**3 + 4*m**2 - 2*m + 4. Let u be a(4). Let j be (109 + u)*1/1. Suppose -4*k - o = -j, -k = -2*o - o - 10. What is the units digit of k?
5
Let r(u) = -4*u**3 - 6*u**3 + 1 - 13*u**3. Let p = -4 - -3. What is the tens digit of r(p)?
2
Suppose -5*c - 281 = 5*m - 1821, -m - 5*c + 312 = 0. What is the units digit of m?
7
Suppose -3*o - 144 + 351 = 0. What is the tens digit of o/6 + (-3)/(-2)?
1
Suppose l - 499 - 856 = 0. What is the hundreds digit of l?
3
Let z = -19 + -17. Let w = -2 - 22. Let j = w - z. What is the units digit of j?
2
Let z(k) be the second derivative of 0 + 1/3*k**3 + 2*k**2 + 4*k. What is the units digit of z(2)?
8
Suppose 11 + 4 = 5*j. Let o(k) = 154*k - 19. Let w be o(1). Suppose -5*b + j*y + w = 0, -b - 2*y + 4 = 2*y. What is the units digit of b?
4
Suppose 2*z - 755 = -3*z. What is the hundreds digit of z?
1
Let m(y) = 4*y - 3. Let x be m(7). Suppose 5*a - 5*c - x = 0, -1 = 4*a - c - 6. Suppose 0 = d - 3*b - a - 8, 3*d - 3*b - 12 = 0. What is the units digit of d?
2
Let b(n) = -151*n - 4. What is the units digit of b(-2)?
8
Let c = 6540 + -2256. What is the hundreds digit of c?
2
Let a be 1*(0/(-1) - -5). Suppose -a*k + 82 = 3*n - 2*n, k = 4*n - 265. What is the tens digit of n?
6
Suppose 5*r - 1187 - 4005 = -4*z, -4*r = -5*z - 4129. What is the thousands digit of r?
1
Let r(z) = 21*z + 384. What is the tens digit of r(0)?
8
Suppose 0 = 4*w - 16. Let h be w/(-2) + 5 + 54. Suppose -11 = 2*k - h. What is the units digit of k?
3
Let q = 138 - -493. What is the hundreds digit of q?
6
Let b(m) = -m**3 - 4*m**2 + 4*m - 8. Let d be b(-6). Suppose -h + 112 = -0*h - 3*o, h - 118 = 5*o. Let s = h - d. What is the units digit of s?
3
Suppose -537 = 2*h - 3*n - 0*n, -4*h - 1034 = 2*n. Let u = -176 - h. What is the units digit of u?
5
Suppose 518*w - 504*w = 6062. What is the units digit of w?
3
Let c be (2/1 - 1)*5. Let b be 1*243/(2 - c). Let w = b - -113. What is the units digit of w?
2
Let v(x) = -x**3 + 19*x**2 + 14*x - 26. What is the hundreds digit of v(18)?
5
Let c = 2218 + -1281. What is the units digit of c?
7
Let b(l) = -l + 1. Let w(v) = -v**3 + 8*v**2 + 18*v. Let f(p) = 6*b(p) + w(p). What is the units digit of f(9)?
3
Suppose 480 = 5*m - 2*m. Let i = 230 - m. What is the units digit of i?
0
Suppose 4*n - 20 = -m, -3*m + 5*m + 3*n = 35. Let r = 5 + m. What is the tens digit of ((-56)/6)/((-7)/r)?
2
Let x = 27 + -24. Suppose -257 = -4*h - 5*o, 0 = h + o - x*o - 74. What is the tens digit of h?
6
Suppose 4*g = -5*g + 495. Suppose g = -b + 207. What is the tens digit of b?
5
Let j = -458 + 1836. What is the units digit of j?
8
Let d(f) = 567*f**2 + 43*f + 82. What is the thousands digit of d(-2)?
2
Let q(o) = -o**2 - 24*o + 4. Let w be q(-24). Suppose -w*r = -0*r + 4, 91 = 2*j + r. What is the tens digit of j?
4
Suppose -4*k + 25 + 23 = 0. Let m = k - 7. Suppose -m*n + 15 = -0*n. What is the units digit of n?
3
Let f(l) = -l**3 + 7*l**2 + l + 8. Let a be f(7). Let s = a + -8. Suppose -s - 1 = -2*d. What is the units digit of d?
4
Let t = 58 + -55. Suppose 604 = 4*g + t*y, 0*g - 3*g - 4*y + 460 = 0. What is the tens digit of g?
4
Let t(i) = -i**2 - 9*i - 9. Suppose -15 = -w - 19. Let s be t(w). Suppose -s*c + 68 = -9*c. What is the tens digit of c?
3
Suppose 15*t - 18 = 18*t. Let m(k) = -18*k - 19. What is the tens digit of m(t)?
8
Suppose 0 = -3*n - 5*f + 51, -5*n + f + 51 = -2*f. Let p be (200/n - 3)*9. Suppose p + 107 = 5*m. What is the units digit of m?
6
Suppose -500 = -12*u + 4912. What is the hundreds digit of u?
4
Let m(l) be the second derivative of -1/6*l**3 + 1/12*l**4 + 3*l + 1/20*l**5 + 23/2*l**2 + 0. What is the tens digit of m(0)?
2
Let i(j) = 1 - j + 0 - 8*j - 3. What is the tens digit of i(-13)?
1
Let v = -313 - -462. What is the hundreds digit of v?
1
Suppose -f + 3*z - z - 510 = 0, -2*f - 2*z - 1002 = 0. Let a = -347 - f. What is the tens digit of a?
5
Suppose 0 = -s + 1, 9*l - 4*l + 2*s - 1132 = 0. What is the tens digit of l?
2
What is the tens digit of 7 + (-10794)/(-7) - -8?
5
Let y be (-1)/(-5) + 24/(-20). What is the units digit of (y - 0) + 0 + 71?
0
Let t(q) = q**3 + 18*q**2 + 8. Let u be t(-18). Suppose 0 = -4*j + u*j - 320. What is the tens digit of j?
8
Suppose 0 = 3*k - m - 188 - 91, 0 = -m. What is the tens digit of k?
9
Suppose 0 = 18*z - 44*z + 40794. What is the hundreds digit of z?
5
Let f = -31 + 20. Let y be 3*(1 - -1)*f. Let l = y + 117. What is the units digit of l?
1
Let r(t) = t**3 - 9*t**2 + 2. Let v be r(9). What is the units digit of 28/4*14 + v?
0
Suppose -3827 - 2569 = -12*w. What is the tens digit of w?
3
Suppose 2*b - 4*o = -o + 61, -4*o = 4*b - 172. Suppose 0 = -2*v + b + 6. What is the tens digit of v?
2
Suppose 4*b - 5*s = 3*b - 5, 0 = -3*b + 3*s - 27. What is the tens digit of b/14 - -1 - 3684/(-42)?
8
Let p = 608 - -97. What is the units digit of p?
5
Let r(u) = -27*u - 36. What is the tens digit of r(-11)?
6
Let m(h) = 50*h - 13. Let j(w) = 25*w - 7. Let o(d) = -5*j(d) + 3*m(d). Let g be 16/(-2) - 320/(-32). What is the units di